pose -7 = -4*b + 3*q, -4*b - 1 = 3*q - 26. Let v be n(b). What is the greatest common divisor of 36 and v?
36
Suppose 0 = 68*x - 926 - 2689 + 215. What is the highest common divisor of 50 and x?
50
Let w = -1155 + 1428. Calculate the highest common divisor of 15 and w.
3
Suppose -2*v + 13 = -3*v - 5*a, 0 = -2*v + 4*a + 16. Let x be (-2)/v - (0/4)/(-1). Let d be -3 + x - -91 - 3. What is the greatest common factor of 12 and d?
12
Let d = -205 - -220. Suppose 4*y + y + d = 3*p, -5*y + 25 = p. Calculate the greatest common divisor of p and 30.
10
Let k = -29 - -62. Let m(h) = -10*h + 110. Let d(o) = -21*o + 222. Let j(n) = 3*d(n) - 7*m(n). Let w be j(18). What is the highest common divisor of w and k?
11
Suppose 167 + 130 = l. Let s = l - 283. Calculate the highest common factor of 70 and s.
14
Suppose 2*d + 4*a - 7*a = -1, -5*d + 4*a = 13. Let z be (-1350)/24*(d + -1 + 2). What is the greatest common divisor of z and 15?
15
Let f(v) = -2*v**2 + 14*v - 6. Suppose -2*n + 5*i + 1 = -1, -5*n = -2*i - 26. Let r be f(n). What is the greatest common factor of 2 and r?
2
Let w be (2/(-3))/(41/(-66174)). Let x be w/6 + 18/27. Calculate the greatest common divisor of 120 and x.
60
Let u(s) = 130*s - 7269. Let w be u(56). Suppose 2*j + 0*j = 132. Calculate the greatest common divisor of j and w.
11
Let x(z) = 2*z**2 - 28*z + 142. Let v be x(11). Calculate the greatest common factor of v and 1.
1
Suppose 10*v = -9*v + 16055. Suppose 3*a + 2*i - v = 0, 3*a + 6*i = i + 830. What is the greatest common divisor of 15 and a?
15
Let i(n) = -n**2 + 60*n - 584. Let a be i(31). What is the highest common divisor of a and 8280?
45
Let i be -7 - (-814)/121 - 942/(-66). Calculate the greatest common factor of i and 3962.
14
Suppose -3*x - 101 + 116 = 0. Let q(k) = k**3 - 7*k**2 + 11*k - 27. Let r be q(8). What is the highest common divisor of r and x?
5
Suppose 9450 = 23*i - 6285 - 9473. What is the highest common factor of 40 and i?
8
Let g be 2*25*((-324)/(-1350))/(12/20). Calculate the highest common factor of 1670 and g.
10
Let i(g) be the third derivative of g**5/60 - g**4/3 + g**3/2 - 2*g**2 + 39*g. Let a be i(-4). Calculate the greatest common divisor of 1581 and a.
51
Suppose 0 = -m - u - 2, -5*m - u + 1 - 11 = 0. Let c be (-2)/(-14)*m + (-264)/(-42). Let j = -10 + 16. What is the highest common factor of c and j?
6
Let x be (-6)/27 + 9451100/1305. What is the greatest common factor of x and 284?
142
Suppose -2*j + 200 = 2*j. Suppose 38*h + 218 = 46*h - 3*g, 0 = -h + 2*g + 37. Calculate the highest common divisor of j and h.
25
Let b(v) = 26*v**2 + 41*v + 4. Let t be b(10). What is the greatest common divisor of 88 and t?
22
Let h(u) = -u + 11. Let x = -90 - -95. Let k be h(x). Suppose -50*q + 53*q = 162. Calculate the highest common divisor of k and q.
6
Let i(t) = -2*t**2. Let p be i(2). Let v be 243/24 - (-1)/p. Let s = 36 + 74. What is the highest common divisor of s and v?
10
Let g be ((-2)/10)/((-9909)/(-27000) + (-3)/8). Calculate the greatest common factor of g and 1025.
25
Suppose -106 = -v + 86. Let o(n) = 71 - 3*n**3 - 79 + 4*n + 2*n**3 + 8*n**2. Let c be o(8). What is the highest common factor of v and c?
24
Let g(l) = -l**3 + 26*l**2 - 160*l + 128. Let u be g(17). Let c be (2 - (0 - -2)) + 279. Calculate the highest common factor of u and c.
9
Let t = 6452 + -6168. Calculate the highest common factor of 923 and t.
71
Let s be 796/6 - (-2)/6. Let a = -4113 + 4151. What is the highest common factor of a and s?
19
Suppose 272 = 4*g + 4*f, 4*f + 2*f + 33 = g. Suppose -3*c = -568 - 1070. What is the greatest common factor of c and g?
21
Suppose 136 = 4*r - 248. Let o be 1 + 107*(4 - 7). Let q = 464 + o. What is the greatest common factor of r and q?
48
Let x(m) = -8*m + 4. Let h be x(-4). Suppose -3*r - 228 = -4*d + h, -353 = -5*d - 2*r. What is the highest common factor of 230 and d?
23
Suppose -21*m + 11986 = -9266. Calculate the greatest common factor of 352 and m.
44
Suppose 17*o - 13*o - 96 = -2*c, 3*o - 9 = 0. Calculate the greatest common divisor of 189 and c.
21
Suppose -151*w + 1526428 = -823887. Calculate the greatest common factor of w and 55.
55
Suppose 83*l + 2863 = 343*l - 136497. What is the highest common divisor of l and 5494?
134
Suppose 4*g + 2*z = 21175 - 1055, -g + 5*z + 4997 = 0. Calculate the greatest common factor of g and 22.
11
Let u(l) = l**2 - 7*l + 6. Let q be u(7). Let s(x) = x**3 - 11*x**2 + 3*x + 2. Let d be s(11). Let o = d - 20. What is the highest common factor of q and o?
3
Let t be (-134 + 20 + -46)*3/(-5). What is the highest common factor of 34752 and t?
96
Let o be (-5)/15 + 784/12. Suppose 0 = -2*k - 2*u + 5*u + 14586, 2*u - 7286 = -k. Let z be (-4)/26 - (-4 - k/o). What is the highest common divisor of 29 and z?
29
Suppose 238*v - 128607 = -59724 + 122945. Calculate the highest common divisor of v and 26.
26
Let y(l) = 15*l + 1. Let c = -135 - -135. Let q be y(c). Let u be 4/(-2)*22/(-4). Calculate the highest common factor of q and u.
1
Let z = 47 + -10. Let r = z - 33. Suppose 0 = -0*d - r*d + 544. Calculate the greatest common divisor of d and 17.
17
Let p = 689 + -693. Let b be p/(-6)*(-8775)/(-90). Calculate the highest common factor of b and 585.
65
Suppose -u = 7*u + 8424. Let x = -741 - u. Calculate the greatest common divisor of x and 24.
24
Let i = -78 + 80. Suppose -2*t + 2 = 4*y + 14, 4 = -2*y - i*t. Let o be 4*((-14)/4 - y). What is the highest common factor of 1 and o?
1
Let z be (-1320)/(-1540) + (-22954)/(-7). What is the greatest common factor of z and 123?
41
Let n be 4*(-21)/(-28)*(-5)/(-3). Suppose -2*m = -n*g + 250, 181 = 3*g + 2*m + 3*m. What is the highest common divisor of 65 and g?
13
Suppose 28 = 407*d - 414*d. Let b(m) = m**3 - m + 9. Let g be b(0). Let f be d/(4 - 3) + g. What is the highest common factor of f and 5?
5
Let o be (-924)/126*(-192)/22. What is the greatest common divisor of o and 2192?
16
Let m be (42/63)/(2/(-144)). Let v be (m/(-4) - 7) + 913. Calculate the greatest common divisor of 54 and v.
54
Suppose 541 = 99*t + 343. What is the highest common factor of t and 486?
2
Suppose 4*q - 4*v = 160, 3*q - 47*v + 43*v = 124. What is the highest common divisor of 2616 and q?
12
Let k be (-15708)/165*(75/6)/(-5). What is the highest common factor of k and 224?
14
Suppose 0 = 5*b - 10*b. Let r(f) = f**3 + f**2 - f + 40. Let a be r(b). Let j = -469 + 479. Calculate the greatest common divisor of a and j.
10
Let x(d) = -d**2 + 9*d + 27. Let w be x(11). Suppose -w*l - 5*t = -2100, 3*t = l + 8*t - 428. Calculate the highest common factor of 66 and l.
22
Suppose 25*f - 148480 = -55*f. What is the highest common factor of f and 256?
64
Let a = -1876 - -2657. What is the greatest common factor of 22 and a?
11
Let o(j) = j**2 + 86*j + 1368. Let w be o(-19). What is the greatest common factor of w and 15?
5
Let y = 381 + -341. Suppose -59*q + y = -58*q. What is the greatest common factor of 64 and q?
8
Let z = 1346 - 1010. Suppose -15*i + z = -i. Calculate the greatest common factor of 516 and i.
12
Suppose 5*y + 16 = 4*k, 0 - 8 = y - 2*k. Let q(f) = -f**2 - 2*f + 250. Let h be q(y). Suppose h = 2*z + 3*z. What is the greatest common divisor of 250 and z?
50
Suppose 2*g + 5 = 17. Let n be 6579/g*(-5 + (-17)/(-3)). Calculate the greatest common factor of 43 and n.
43
Let q = 73882 + -73838. Let o(u) = u**3 - 3*u**2 + 3*u + 2. Let m be o(3). Calculate the highest common divisor of q and m.
11
Let k be ((-1)/(-2)*-51)/(2/(-4)). Let i be (-981)/39 + (-4)/(-26). Let p = i + 42. Calculate the highest common divisor of k and p.
17
Let c = 11473 - 7117. Calculate the highest common factor of 36 and c.
36
Let i = -701 + 703. Let q be 11713/26 + (-1)/i. Calculate the greatest common divisor of 18 and q.
18
Let o = -81 - -162. Let z be 39*40/260 - -102. Calculate the highest common factor of o and z.
27
Let s = -334 - -346. Let u be (-4 + 16)*s*9/6. What is the highest common divisor of 54 and u?
54
Let d(t) = -t**3 + 6*t**2 + 2*t + 9. Let c be d(6). Suppose -3*o + c = 3. Let k be 58 + o*(-1)/(-3). Calculate the highest common factor of k and 15.
15
Let n = -207 - -390. Suppose n + 258 = 7*u. Calculate the greatest common divisor of u and 28.
7
Let r = -62 - -146. Let y be (5/5)/(-2 - 4765/(